{"id":35847,"date":"2016-01-11T00:00:00","date_gmt":"2016-01-10T23:00:00","guid":{"rendered":"http:\/\/www.visitliptov.sk\/zaujimavosti\/pribylina\/"},"modified":"2024-02-19T14:18:24","modified_gmt":"2024-02-19T13:18:24","slug":"pribylina","status":"publish","type":"attraction","link":"https:\/\/plannervisit.krasno.dev\/en\/interests\/pribylina\/","title":{"rendered":"Pribylina"},"content":{"rendered":"<p><b>Information about the village<br \/>\n<\/b><\/p>\n<p style=\"text-align: justify;\">The village of Pribylina lies at an altitude of 745 m above sea level, beneath the confluence of the rivers Ra\u010dkov and Bel\u00e1. It was found in 1331. Currently the village with the land area of 8500 ha has 1350 inhabitants.<\/p>\n<p style=\"text-align: justify;\">The territory of Western Tatras, by which the village is surrounded, escaped from the grasp of civilization and except for several recreational facilities situated in mouths of the valleys visitors have the possibility to hike over the untouched nature, rich in forest fruits and mushrooms. The settlement of Podbansk\u00e9 with the largest Hotel Permon is a part of the municipality and it is a starting point in the eastern part of Western Tatras as well as the western part of High Tatras.<\/p>\n<p style=\"text-align: justify;\">The region along with Ra\u010dkov\u00e1 and Jamn\u00edcka Valleys provides wide possibilities for hiking and cycle touring in summer, and cross-country skiing and downhill skiing in winter.<\/p>\n<p style=\"text-align: justify;\">A Museum of Liptov Village &#8211; an open-air folk museum, where visitors can view how people lived in the region in the past, is a part of the municipality. Within traditional thematic Sundays attractive programs are organized in the museum, such as Shepherd\u00b4s Sunday, Bee-keeper\u00b4s Sunday, Children\u00b4s Sunday, Sunday of Natives, St. Hubert\u00b4s Sunday etc.<\/p>\n<p style=\"text-align: justify;\">A car camp ATC Ra\u010dkov\u00e1 dolina with a capacity of 80 tents is situated 4 km from the village. A hostel with a capacity of 44 beds and a restaurant are a part of the ATC.<\/p>\n<p style=\"text-align: justify;\"><b>Village history<br \/>\n<\/b> The first written mention of Pribylina was recorded in 1332, in which the local parish of St. Catherine had been mentioned. Since that year until the abolition of serfdom in 1848, Pribylina remained subordinated to Pongr\u00e1c landlords. The original deed of donation in which Pribylina for the first time is transferred as a property to Andrew, the son of Sere\u013eelov, is located in an archive of family Szentiv\u00e1ny, Li. A. file no.10.<\/p>\n<p style=\"text-align: justify;\">The second written notice of Pribylina was recorded in 1360. Those years the great transformation was happening throughout Liptov area with regard to the property of yeomen. It was after a battle near the village of Rozhanovce in which Mat\u00fa\u0161 \u010c\u00e1k Tren\u010diansky \u201eLord of River V\u00e1h and Tatras\u201c was defeated by army of the Hungarian King Karol R\u00f3bert, who was immediately after the victory of royal troops appointed an Earl to Liptov by the King and was gifted a Castle Likava with all possession. This period is described in the mention of Pribylina found in a deed from 1360, issued by the King Louis and which says: &#8230; super nova donatione Zentmiklos, Jalochmelledealie nomine Hakalyse, (now Ondra\u0161ov\u00e1 Perbenye (Pribylina) &#8230;&#8230; In donation deeds from the 13th and the 14th century it was named like this, which is probably a kind of Hungarized name of Slovak Pribylina.<\/p>\n<p style=\"text-align: justify;\">The name Pribylina is incorectly derived from a noun \u201ebylina\u201c (herb) with a prefix \u201epri\u201c (next to), but this makes no sense. Rather, the name should be derived from the fact, that Pribylina is located by the river, originally named \u201eBiala \u2013 now Bel\u00e1\u201c. That means that Pribylina is located by the river Biala, and \u201ePribilina\u201c might have arisen from this name. Pribylina with an \u201eypsilon\u201c originated later. Well, it seems that the point of view of Prof. PhUr. J\u00e1n Stanislav, which is expressed in his work \u201cLiptov dialects\u201d, is closest to the truth. With respect to the colonization origin later, the name of Pribylina means new colonists (the word \u201epriby\u201c is used till today). And that\u00b4s why it should be written with \u201ey\u201c letter.<\/p>\n<p style=\"text-align: justify;\">A period of serfdom and feudalism in Pribylina arose out of the situation in the upper Liptov. Inhabitants of Pribylina and their properties were an ownership of the aristocracy and they were unutterably exploited. It is worth mentioning that in 1709 there was a fight between \u201ekurucs\u201c and imperial troops in Belansk\u00e1 Valley and at \u0160vihrov\u00e1. The battles took place in and around the village and neighbouring villages of Pribylina and St. Peter. Pribylina was burned in these battles. The effort of inhabitants to correct the injustice carried out by their lords and the fact that they sent several complaints to the ruler between 1781 and 1843, is also noteworthy. There exist also a case in documents, in which citizens claimed to have right to produce (burn) domestic brandy (well-known \u010cabajsk\u00e1 borovi\u010dka). Certainly, they were unsuccessful.<\/p>\n<p style=\"text-align: justify;\">In the revolutionary years 1848-1849 Pribylina also took part in course of events, when on 9th April 1848 a teacher Levite Matej Trnovsk\u00fd was preaching about freedom. For this sermon he was then examined. After the establishment of the Slovak Volunteer Board and the establishment of the Slovak National Council in late August and in the first half of September 1848 in Vienna, inhabitants of Pribylina also took part at the events. And what\u00b4s more, some of them died in the battles. At this time, they excelled in self-defence against a division of Hungarian Hussars at the requisition. Armed with scythes, pitchforks and flails they warded off the Hungarian division and caused them a loss of 14 horsemen. In this chapter it should be registered that a triumphant walk to Vienna had been made by 12 inhabitants from Pribylina (their names are not preserved), led by J\u00e1n Rezn\u00edk &#8211; H\u00e1j appointed, to complain at an audience with the Emperor about the rough injustice and violence made by Pongr\u00e1cs against their village.<\/p>\n<p style=\"text-align: justify;\">The monument was built on the occasion of the 20th Anniversary of SNP (Slovak National Uprising). The project was designed by Ing. Kuzma from Bratislava. The granite stone was brought from Tich\u00e1 (Silent) Valley. The construction was carried by John Ra\u010dko \/ Lokaj \/ and Michal Harich. There is a memorial plaque placed on the monument with an inscription \u201ePravde \u017eil som, krivdu bil som, verne n\u00e1rod svoj \u013e\u00fabil som\u201c (&#8220;I lived for truth, I fought injustice, I truly loved my Nation&#8221;) and names of the heroes fallen in SNP and during World War II: Matej Majzl\u00edk, Matej Bl\u0161ka, Peter He\u010dlo, Urban Klau\u010do and Matej Benko.<\/p>\n","protected":false},"excerpt":{"rendered":"<p>Information about the village The village of Pribylina lies at an altitude of 745 m above sea level, beneath the &#8230;<\/p>\n","protected":false},"author":15,"featured_media":219613,"comment_status":"open","ping_status":"closed","template":"","podujatia_lokalita":[319],"kategoria-zaujimavosti":[589],"obdobie":[303,304],"lrc-discount":[],"lrc-category":[],"class_list":["post-35847","attraction","type-attraction","status-publish","has-post-thumbnail","hentry","lokalita-others","category-attraction-obce-en","season-summer","season-winter"],"acf":[],"_links":{"self":[{"href":"https:\/\/plannervisit.krasno.dev\/en\/wp-json\/wp\/v2\/attraction\/35847"}],"collection":[{"href":"https:\/\/plannervisit.krasno.dev\/en\/wp-json\/wp\/v2\/attraction"}],"about":[{"href":"https:\/\/plannervisit.krasno.dev\/en\/wp-json\/wp\/v2\/types\/attraction"}],"author":[{"embeddable":true,"href":"https:\/\/plannervisit.krasno.dev\/en\/wp-json\/wp\/v2\/users\/15"}],"replies":[{"embeddable":true,"href":"https:\/\/plannervisit.krasno.dev\/en\/wp-json\/wp\/v2\/comments?post=35847"}],"version-history":[{"count":0,"href":"https:\/\/plannervisit.krasno.dev\/en\/wp-json\/wp\/v2\/attraction\/35847\/revisions"}],"wp:featuredmedia":[{"embeddable":true,"href":"https:\/\/plannervisit.krasno.dev\/en\/wp-json\/wp\/v2\/media\/219613"}],"wp:attachment":[{"href":"https:\/\/plannervisit.krasno.dev\/en\/wp-json\/wp\/v2\/media?parent=35847"}],"wp:term":[{"taxonomy":"lokalita","embeddable":true,"href":"https:\/\/plannervisit.krasno.dev\/en\/wp-json\/wp\/v2\/podujatia_lokalita?post=35847"},{"taxonomy":"category-attraction","embeddable":true,"href":"https:\/\/plannervisit.krasno.dev\/en\/wp-json\/wp\/v2\/kategoria-zaujimavosti?post=35847"},{"taxonomy":"season","embeddable":true,"href":"https:\/\/plannervisit.krasno.dev\/en\/wp-json\/wp\/v2\/obdobie?post=35847"},{"taxonomy":"lrc-discount","embeddable":true,"href":"https:\/\/plannervisit.krasno.dev\/en\/wp-json\/wp\/v2\/lrc-discount?post=35847"},{"taxonomy":"lrc-category","embeddable":true,"href":"https:\/\/plannervisit.krasno.dev\/en\/wp-json\/wp\/v2\/lrc-category?post=35847"}],"curies":[{"name":"wp","href":"https:\/\/api.w.org\/{rel}","templated":true}]}}

<p><b>Information about the village<br />
</b></p>
<p style="text-align: justify;">The village of Pribylina lies at an altitude of 745 m above sea level, beneath the confluence of the rivers Račkov and Belá. It was found in 1331. Currently the village with the land area of 8500 ha has 1350 inhabitants.</p>
<p style="text-align: justify;">The territory of Western Tatras, by which the village is surrounded, escaped from the grasp of civilization and except for several recreational facilities situated in mouths of the valleys visitors have the possibility to hike over the untouched nature, rich in forest fruits and mushrooms. The settlement of Podbanské with the largest Hotel Permon is a part of the municipality and it is a starting point in the eastern part of Western Tatras as well as the western part of High Tatras.</p>
<p style="text-align: justify;">The region along with Račková and Jamnícka Valleys provides wide possibilities for hiking and cycle touring in summer, and cross-country skiing and downhill skiing in winter.</p>
<p style="text-align: justify;">A Museum of Liptov Village &#8211; an open-air folk museum, where visitors can view how people lived in the region in the past, is a part of the municipality. Within traditional thematic Sundays attractive programs are organized in the museum, such as Shepherd´s Sunday, Bee-keeper´s Sunday, Children´s Sunday, Sunday of Natives, St. Hubert´s Sunday etc.</p>
<p style="text-align: justify;">A car camp ATC Račková dolina with a capacity of 80 tents is situated 4 km from the village. A hostel with a capacity of 44 beds and a restaurant are a part of the ATC.</p>
<p style="text-align: justify;"><b>Village history<br />
</b> The first written mention of Pribylina was recorded in 1332, in which the local parish of St. Catherine had been mentioned. Since that year until the abolition of serfdom in 1848, Pribylina remained subordinated to Pongrác landlords. The original deed of donation in which Pribylina for the first time is transferred as a property to Andrew, the son of Sereľelov, is located in an archive of family Szentivány, Li. A. file no.10.</p>
<p style="text-align: justify;">The second written notice of Pribylina was recorded in 1360. Those years the great transformation was happening throughout Liptov area with regard to the property of yeomen. It was after a battle near the village of Rozhanovce in which Matúš Čák Trenčiansky „Lord of River Váh and Tatras“ was defeated by army of the Hungarian King Karol Róbert, who was immediately after the victory of royal troops appointed an Earl to Liptov by the King and was gifted a Castle Likava with all possession. This period is described in the mention of Pribylina found in a deed from 1360, issued by the King Louis and which says: &#8230; super nova donatione Zentmiklos, Jalochmelledealie nomine Hakalyse, (now Ondrašová Perbenye (Pribylina) &#8230;&#8230; In donation deeds from the 13th and the 14th century it was named like this, which is probably a kind of Hungarized name of Slovak Pribylina.</p>
<p style="text-align: justify;">The name Pribylina is incorectly derived from a noun „bylina“ (herb) with a prefix „pri“ (next to), but this makes no sense. Rather, the name should be derived from the fact, that Pribylina is located by the river, originally named „Biala – now Belá“. That means that Pribylina is located by the river Biala, and „Pribilina“ might have arisen from this name. Pribylina with an „ypsilon“ originated later. Well, it seems that the point of view of Prof. PhUr. Ján Stanislav, which is expressed in his work “Liptov dialects”, is closest to the truth. With respect to the colonization origin later, the name of Pribylina means new colonists (the word „priby“ is used till today). And that´s why it should be written with „y“ letter.</p>
<p style="text-align: justify;">A period of serfdom and feudalism in Pribylina arose out of the situation in the upper Liptov. Inhabitants of Pribylina and their properties were an ownership of the aristocracy and they were unutterably exploited. It is worth mentioning that in 1709 there was a fight between „kurucs“ and imperial troops in Belanská Valley and at Švihrová. The battles took place in and around the village and neighbouring villages of Pribylina and St. Peter. Pribylina was burned in these battles. The effort of inhabitants to correct the injustice carried out by their lords and the fact that they sent several complaints to the ruler between 1781 and 1843, is also noteworthy. There exist also a case in documents, in which citizens claimed to have right to produce (burn) domestic brandy (well-known Čabajská borovička). Certainly, they were unsuccessful.</p>
<p style="text-align: justify;">In the revolutionary years 1848-1849 Pribylina also took part in course of events, when on 9th April 1848 a teacher Levite Matej Trnovský was preaching about freedom. For this sermon he was then examined. After the establishment of the Slovak Volunteer Board and the establishment of the Slovak National Council in late August and in the first half of September 1848 in Vienna, inhabitants of Pribylina also took part at the events. And what´s more, some of them died in the battles. At this time, they excelled in self-defence against a division of Hungarian Hussars at the requisition. Armed with scythes, pitchforks and flails they warded off the Hungarian division and caused them a loss of 14 horsemen. In this chapter it should be registered that a triumphant walk to Vienna had been made by 12 inhabitants from Pribylina (their names are not preserved), led by Ján Rezník &#8211; Háj appointed, to complain at an audience with the Emperor about the rough injustice and violence made by Pongrács against their village.</p>
<p style="text-align: justify;">The monument was built on the occasion of the 20th Anniversary of SNP (Slovak National Uprising). The project was designed by Ing. Kuzma from Bratislava. The granite stone was brought from Tichá (Silent) Valley. The construction was carried by John Račko / Lokaj / and Michal Harich. There is a memorial plaque placed on the monument with an inscription „Pravde žil som, krivdu bil som, verne národ svoj ľúbil som“ (&#8220;I lived for truth, I fought injustice, I truly loved my Nation&#8221;) and names of the heroes fallen in SNP and during World War II: Matej Majzlík, Matej Blška, Peter Hečlo, Urban Klaučo and Matej Benko.</p>
