{"id":236346,"date":"2022-06-23T13:57:59","date_gmt":"2022-06-23T11:57:59","guid":{"rendered":"https:\/\/www.visitliptov.sk\/zaujimavosti\/vazec-centrum-trhovisko-e-bike-nabijacia-stanica\/"},"modified":"2023-03-29T09:23:12","modified_gmt":"2023-03-29T07:23:12","slug":"vazec-centrum-targowisko-stacja-ladowania-rowerow-elektrycznych","status":"publish","type":"attraction","link":"https:\/\/plannervisit.krasno.dev\/pl\/ciekawostka\/vazec-centrum-targowisko-stacja-ladowania-rowerow-elektrycznych\/","title":{"rendered":"Va\u017eec, centrum\/targowisko\u00a0&#8211;  stacja \u0142adowania rower\u00f3w elektrycznych \u00a0"},"content":{"rendered":"\n<p>Stacja \u0142adowania NabiBajk jest dost\u0119pna dla rowerzyst\u00f3w w centrum miejsco\u015bci Va\u017eec na parkingu przed lokalnym targowiskiem, niedaleko ko\u015bcio\u0142a.<\/p>\n\n\n\n<p><span><\/span><strong><strong>Wyposa\u017cenie stacji \u0142aduj\u0105cej:<\/strong><\/strong><\/p>\n\n\n\n<ul class=\"wp-block-list\"><li>1x z\u0142\u0105cze \u0142adowania Bosch<\/li><li>1x z\u0142\u0105cze \u0142adowania Shimano<\/li><li>2x kabelUniverzal<\/li><li>nie zawiera spr\u0119\u017carki powietrza<\/li><li>nie zawiera narz\u0119dzi serwisowych<\/li><\/ul>\n\n\n\n<p><span><\/span><strong><strong>! Klucze od kabli do skrzynki \u0142aduj\u0105cej s\u0105 dost\u0119pne na \u017cyczenie u obs\u0142ugi stoiska z lodami.<\/strong><\/strong><\/p>\n","protected":false},"excerpt":{"rendered":"<p>Stacja \u0142adowania NabiBajk jest dost\u0119pna dla rowerzyst\u00f3w w centrum miejsco\u015bci Va\u017eec na parkingu przed lokalnym targowiskiem, niedaleko ko\u015bcio\u0142a. Wyposa\u017cenie stacji &#8230;<\/p>\n","protected":false},"author":18,"featured_media":184604,"comment_status":"open","ping_status":"closed","template":"","podujatia_lokalita":[326],"kategoria-zaujimavosti":[582],"obdobie":[324],"lrc-discount":[],"lrc-category":[],"class_list":["post-236346","attraction","type-attraction","status-publish","has-post-thumbnail","hentry","lokalita-inny","category-attraction-e-bike-nabijacka-pl","season-lato"],"acf":[],"_links":{"self":[{"href":"https:\/\/plannervisit.krasno.dev\/pl\/wp-json\/wp\/v2\/attraction\/236346"}],"collection":[{"href":"https:\/\/plannervisit.krasno.dev\/pl\/wp-json\/wp\/v2\/attraction"}],"about":[{"href":"https:\/\/plannervisit.krasno.dev\/pl\/wp-json\/wp\/v2\/types\/attraction"}],"author":[{"embeddable":true,"href":"https:\/\/plannervisit.krasno.dev\/pl\/wp-json\/wp\/v2\/users\/18"}],"replies":[{"embeddable":true,"href":"https:\/\/plannervisit.krasno.dev\/pl\/wp-json\/wp\/v2\/comments?post=236346"}],"version-history":[{"count":0,"href":"https:\/\/plannervisit.krasno.dev\/pl\/wp-json\/wp\/v2\/attraction\/236346\/revisions"}],"wp:featuredmedia":[{"embeddable":true,"href":"https:\/\/plannervisit.krasno.dev\/pl\/wp-json\/wp\/v2\/media\/184604"}],"wp:attachment":[{"href":"https:\/\/plannervisit.krasno.dev\/pl\/wp-json\/wp\/v2\/media?parent=236346"}],"wp:term":[{"taxonomy":"lokalita","embeddable":true,"href":"https:\/\/plannervisit.krasno.dev\/pl\/wp-json\/wp\/v2\/podujatia_lokalita?post=236346"},{"taxonomy":"category-attraction","embeddable":true,"href":"https:\/\/plannervisit.krasno.dev\/pl\/wp-json\/wp\/v2\/kategoria-zaujimavosti?post=236346"},{"taxonomy":"season","embeddable":true,"href":"https:\/\/plannervisit.krasno.dev\/pl\/wp-json\/wp\/v2\/obdobie?post=236346"},{"taxonomy":"lrc-discount","embeddable":true,"href":"https:\/\/plannervisit.krasno.dev\/pl\/wp-json\/wp\/v2\/lrc-discount?post=236346"},{"taxonomy":"lrc-category","embeddable":true,"href":"https:\/\/plannervisit.krasno.dev\/pl\/wp-json\/wp\/v2\/lrc-category?post=236346"}],"curies":[{"name":"wp","href":"https:\/\/api.w.org\/{rel}","templated":true}]}}

Važec, centrum/targowisko &#8211;  stacja ładowania rowerów elektrycznych

<p>Stacja ładowania NabiBajk jest dostępna dla rowerzystów w centrum miejscości Važec na parkingu przed lokalnym targowiskiem, niedaleko kościoła.</p>



<p><span></span><strong><strong>Wyposażenie stacji ładującej:</strong></strong></p>



<ul class="wp-block-list"><li>1x złącze ładowania Bosch</li><li>1x złącze ładowania Shimano</li><li>2x kabelUniverzal</li><li>nie zawiera sprężarki powietrza</li><li>nie zawiera narzędzi serwisowych</li></ul>



<p><span></span><strong><strong>! Klucze od kabli do skrzynki ładującej są dostępne na życzenie u obsługi stoiska z lodami.</strong></strong></p>

<p>Stacja ładowania NabiBajk jest dostępna dla rowerzystów w centrum miejscości Važec na parkingu przed lokalnym targowiskiem, niedaleko kościoła. Wyposażenie stacji &#8230;</p>
