{"id":44734,"date":"2016-01-11T00:00:00","date_gmt":"2016-01-10T23:00:00","guid":{"rendered":"http:\/\/www.visitliptov.sk\/zaujimavosti\/muzeum-v-smrecanoch\/"},"modified":"2024-02-23T13:05:36","modified_gmt":"2024-02-23T12:05:36","slug":"muzeum-w-smrecanoch","status":"publish","type":"attraction","link":"https:\/\/plannervisit.krasno.dev\/pl\/ciekawostka\/muzeum-w-smrecanoch\/","title":{"rendered":"Muzeum"},"content":{"rendered":"\n<p>Wystawa sta\u0142a otwarta jest od sierpnia 2010 roku w nowej siedzibie &#8211; w budynku obok gotyckiego ko\u015bcio\u0142a Ofiarowania Pa\u0144skiego (Ko\u015bci\u00f3\u0142 katolicki).<\/p>\n\n\n\n<p>Historia obecnej wystawy sta\u0142ej &#8220;Historia i wa\u017cne osobisto\u015bci wsi&#8221; i dzia\u0142a\u0144 wystawienniczych Wszystko zacz\u0119\u0142o si\u0119 w 1975 roku, kiedy dzi\u0119ki nieugi\u0119ty nauczycieli pogo\u0144 V.Deve\u010dku Memorial pokoju powsta\u0142a Frana King.<\/p>\n\n\n\n<p>Dzisiejsza wystawa ma szerszy zakres &#8211; jest przekr\u00f3j go\u015bci og\u00f3lna historia Smre\u010dany wsi zwi\u0105zane z pokazami tradycyjnych rzemios\u0142 ludowych, instrument\u00f3w ekonomicznych, stroje ludowe, stare dokumenty, zdj\u0119cia, itp Eksponaty zosta\u0142y zorganizowane na fundamencie okazj\u0105 700.v\u00fdro\u010dia wsi (1999), a bior\u0105c pod uwag\u0119 ogromne zainteresowanie zwiedzaj\u0105cych s\u0105 nast\u0119puj\u0105ce lewo dzi\u015b. Opr\u00f3cz eksponat\u00f3w historycznych w sta\u0142ej ekspozycji mo\u017cna zapozna\u0107 si\u0119 z najbardziej znanych ludzi, kt\u00f3rych \u017cycie zwi\u0105zane by\u0142o z miejscowo\u015bci Smre\u010dany, i kt\u00f3rego nazwa przer\u00f3s\u0142 jego granice &#8211; np. Pastor lutera\u0144ski Pavel Rodo\u013eub \u010cobrda W\u0142adimir Pavol \u010cobrda nauczyciele gminnych Korit\u0161\u00e1nsky Emanuel, Vladimir pokoj\u00f3wka Morhista Matej Jan\u010do, pisarz Frano Kr\u00f3l i wiele innych. Ich miejsce jest te\u017c mieszka\u0144cy wielostronne \u00f3wczesnego Smre\u010dian &#8211; Stowarzyszenie Teatr Ognia, stowarzyszenia, organizacje m\u0142odzie\u017cowe itp.<\/p>\n","protected":false},"excerpt":{"rendered":"<p>Wystawa sta\u0142a otwarta jest od sierpnia 2010 roku w nowej siedzibie &#8211; w budynku obok gotyckiego ko\u015bcio\u0142a Ofiarowania Pa\u0144skiego (Ko\u015bci\u00f3\u0142 &#8230;<\/p>\n","protected":false},"author":15,"featured_media":8367,"comment_status":"open","ping_status":"closed","template":"","podujatia_lokalita":[326],"kategoria-zaujimavosti":[351,384],"obdobie":[324,325],"lrc-discount":[],"lrc-category":[],"class_list":["post-44734","attraction","type-attraction","status-publish","has-post-thumbnail","hentry","lokalita-inny","category-attraction-kultura-historia-i-zabytki","category-attraction-aktivity-a-relax-pl","season-lato","season-zima-pl"],"acf":[],"_links":{"self":[{"href":"https:\/\/plannervisit.krasno.dev\/pl\/wp-json\/wp\/v2\/attraction\/44734"}],"collection":[{"href":"https:\/\/plannervisit.krasno.dev\/pl\/wp-json\/wp\/v2\/attraction"}],"about":[{"href":"https:\/\/plannervisit.krasno.dev\/pl\/wp-json\/wp\/v2\/types\/attraction"}],"author":[{"embeddable":true,"href":"https:\/\/plannervisit.krasno.dev\/pl\/wp-json\/wp\/v2\/users\/15"}],"replies":[{"embeddable":true,"href":"https:\/\/plannervisit.krasno.dev\/pl\/wp-json\/wp\/v2\/comments?post=44734"}],"version-history":[{"count":0,"href":"https:\/\/plannervisit.krasno.dev\/pl\/wp-json\/wp\/v2\/attraction\/44734\/revisions"}],"wp:featuredmedia":[{"embeddable":true,"href":"https:\/\/plannervisit.krasno.dev\/pl\/wp-json\/wp\/v2\/media\/8367"}],"wp:attachment":[{"href":"https:\/\/plannervisit.krasno.dev\/pl\/wp-json\/wp\/v2\/media?parent=44734"}],"wp:term":[{"taxonomy":"lokalita","embeddable":true,"href":"https:\/\/plannervisit.krasno.dev\/pl\/wp-json\/wp\/v2\/podujatia_lokalita?post=44734"},{"taxonomy":"category-attraction","embeddable":true,"href":"https:\/\/plannervisit.krasno.dev\/pl\/wp-json\/wp\/v2\/kategoria-zaujimavosti?post=44734"},{"taxonomy":"season","embeddable":true,"href":"https:\/\/plannervisit.krasno.dev\/pl\/wp-json\/wp\/v2\/obdobie?post=44734"},{"taxonomy":"lrc-discount","embeddable":true,"href":"https:\/\/plannervisit.krasno.dev\/pl\/wp-json\/wp\/v2\/lrc-discount?post=44734"},{"taxonomy":"lrc-category","embeddable":true,"href":"https:\/\/plannervisit.krasno.dev\/pl\/wp-json\/wp\/v2\/lrc-category?post=44734"}],"curies":[{"name":"wp","href":"https:\/\/api.w.org\/{rel}","templated":true}]}}

<p>Wystawa stała otwarta jest od sierpnia 2010 roku w nowej siedzibie &#8211; w budynku obok gotyckiego kościoła Ofiarowania Pańskiego (Kościół katolicki).</p>



<p>Historia obecnej wystawy stałej &#8220;Historia i ważne osobistości wsi&#8221; i działań wystawienniczych Wszystko zaczęło się w 1975 roku, kiedy dzięki nieugięty nauczycieli pogoń V.Devečku Memorial pokoju powstała Frana King.</p>



<p>Dzisiejsza wystawa ma szerszy zakres &#8211; jest przekrój gości ogólna historia Smrečany wsi związane z pokazami tradycyjnych rzemiosł ludowych, instrumentów ekonomicznych, stroje ludowe, stare dokumenty, zdjęcia, itp Eksponaty zostały zorganizowane na fundamencie okazją 700.výročia wsi (1999), a biorąc pod uwagę ogromne zainteresowanie zwiedzających są następujące lewo dziś. Oprócz eksponatów historycznych w stałej ekspozycji można zapoznać się z najbardziej znanych ludzi, których życie związane było z miejscowości Smrečany, i którego nazwa przerósł jego granice &#8211; np. Pastor luterański Pavel Rodoľub Čobrda Władimir Pavol Čobrda nauczyciele gminnych Koritšánsky Emanuel, Vladimir pokojówka Morhista Matej Jančo, pisarz Frano Król i wiele innych. Ich miejsce jest też mieszkańcy wielostronne ówczesnego Smrečian &#8211; Stowarzyszenie Teatr Ognia, stowarzyszenia, organizacje młodzieżowe itp.</p>

<p>Wystawa stała otwarta jest od sierpnia 2010 roku w nowej siedzibie &#8211; w budynku obok gotyckiego kościoła Ofiarowania Pańskiego (Kościół &#8230;</p>
