{"id":197566,"date":"2017-05-24T00:00:00","date_gmt":"2017-05-23T22:00:00","guid":{"rendered":"https:\/\/www.visitliptov.sk\/trasa\/velky-choc-z-vysneho-kubina\/"},"modified":"2022-10-02T11:38:09","modified_gmt":"2022-10-02T09:38:09","slug":"velky-choc-z-vysneho-kubina","status":"publish","type":"route","link":"https:\/\/plannervisit.krasno.dev\/pl\/trasa\/velky-choc-z-vysneho-kubina\/","title":{"rendered":"Ve\u013ek\u00fd Cho\u010d (1 607 m n.m.) z Vy\u0161n\u00e9ho Kub\u00edna"},"content":{"rendered":"\n<p><span><\/span><strong>Trasa:<\/strong><\/p>\n\n\n\n<p><span><\/span><strong>Vy\u0161n\u00fd Kub\u00edn \u2013 Dr\u00e1pa\u010d, rozdro\u017ce \u2013 Ve\u013ek\u00fd Cho\u010d \u2013 Dr\u00e1pa\u010d, rozdro\u017ce \u00a0\u2013 Vy\u0161n\u00fd Kub\u00edn<\/strong><\/p>\n\n\n<div class=\"accordion-acf\">\r\n  <div id=\"\" class=\"accordion\">\r\n    <a href=\"#\" class=\"accordion-title\">\r\n      <span class=\"icon-plus\"><span><\/span><\/span>\r\n      Szczeg\u00f3\u0142owy opis trasy    <\/a>\r\n\t\t<div class=\"accordion-content\" >\r\n      <p><span><\/span><strong>Alternatywna trasa na Ve\u013ek\u00fd Cho\u010d<\/strong><span>, tym razem jako <\/span><strong>p\u0119tla z Vy\u0161n\u00e9go Kubina<\/strong><span>. Ve\u013ek\u00fd Cho\u010d (1607) to wyj\u0105tkowe wzg\u00f3rze, kt\u00f3re dzi\u0119ki swojemu po\u0142o\u017ceniu i wysoko\u015bci jest bardzo dobrym punktem widokowym. Oferuje dalekie widoki panoramiczne rozpo\u015bcieraj\u0105ce si\u0119 na wszystkie strony \u015bwiata. Ka\u017cdemu spodoba si\u0119 <\/span><strong>niezwyk\u0142y widok na Tatry Zachodnie<\/strong><span>. Ca\u0142y Lipt\u00f3w wida\u0107 jak na d\u0142oni, a tak\u017ce doskona\u0142e <\/span><strong>widoki w stron\u0119 Orawy<\/strong><span>, w kt\u00f3rej dominuje <\/span><strong>Babia G\u00f3ra i Pilsko<\/strong>.<\/p>\n    <\/div>\r\n\t<\/div>\r\n  <div id=\"\" class=\"accordion\">\r\n    <a href=\"#\" class=\"accordion-title\">\r\n      <span class=\"icon-plus\"><span><\/span><\/span>\r\n      Dost\u0119pno\u015b\u0107 i mo\u017cliwo\u015bci parkowania    <\/a>\r\n\t\t<div class=\"accordion-content\" >\r\n      <p><span>Miejsce startu:\u00a0<\/span><strong>49.182446; 19.314591<\/strong><\/p>\n<p>W Wy\u017cnym Kub\u00ednie znajduj\u0105 si\u0119 parkingi p\u0142atne i bezp\u0142atne.<\/p>\n<p>Poci\u0105giem lub autobusem do Ru\u017comberka, a nast\u0119pnie autobusem z Ru\u017comberka do Wy\u017cnego Kubina.<\/p>\n    <\/div>\r\n\t<\/div>\r\n  <div id=\"\" class=\"accordion\">\r\n    <a href=\"#\" class=\"accordion-title\">\r\n      <span class=\"icon-plus\"><span><\/span><\/span>\r\n      Opcje zakwaterowania i wy\u017cywienia    <\/a>\r\n\t\t<div class=\"accordion-content\" >\r\n      <p>W Wy\u017cnym Kubinie znajduje si\u0119 kilka obiekt\u00f3w noclegowych oferuj\u0105cych zakwaterowanie. Alternatyw\u0105 mog\u0105 by\u0107 obiekty noclegowe w mie\u015bcie Doln\u00fd Kub\u00edn lub w Ru\u017comberku. Zar\u00f3wno latem, jak i zim\u0105 istnieje mo\u017cliwo\u015b\u0107 zjedzenia posi\u0142k\u00f3w w restauracjach hotelowych lub bufetach z przek\u0105skami.<\/p>\n    <\/div>\r\n\t<\/div>\r\n<\/div>\r\n\n\n\n<p><\/p>\n\n\n\n<p><\/p>\n\n\n<div class=\"iframe\"><iframe src=\"https:\/\/www.google.com\/maps\/embed?pb=!4v1641973462237!6m8!1m7!1sCAoSLEFGMVFpcE5mWjIzaXZpM1hqWXJGbHRZQ21yXzNGMzFNMUV2TWE0N251OEF4!2m2!1d49.1507598!2d19.3433129!3f350.33!4f-3.8100000000000023!5f0.7820865974627469\" width=\"600\" height=\"450\" style=\"border:0;\" allowfullscreen=\"\" loading=\"lazy\"><\/iframe><\/div>\n\n\n\n<p><\/p>\n","protected":false},"author":1,"featured_media":165426,"comment_status":"open","ping_status":"open","template":"","meta":{"_acf_changed":false,"inline_featured_image":false,"episode_type":"","audio_file":"","cover_image":"","cover_image_id":"","duration":"","filesize":"","date_recorded":"","explicit":"","block":"","filesize_raw":"","footnotes":""},"podujatia_lokalita":[326],"category-route":[490],"obdobie-trasy":[],"class_list":["post-197566","route","type-route","status-publish","has-post-thumbnail","hentry","lokalita-inny","category-route-wszystko"],"acf":[],"_links":{"self":[{"href":"https:\/\/plannervisit.krasno.dev\/pl\/wp-json\/wp\/v2\/route\/197566"}],"collection":[{"href":"https:\/\/plannervisit.krasno.dev\/pl\/wp-json\/wp\/v2\/route"}],"about":[{"href":"https:\/\/plannervisit.krasno.dev\/pl\/wp-json\/wp\/v2\/types\/route"}],"author":[{"embeddable":true,"href":"https:\/\/plannervisit.krasno.dev\/pl\/wp-json\/wp\/v2\/users\/1"}],"replies":[{"embeddable":true,"href":"https:\/\/plannervisit.krasno.dev\/pl\/wp-json\/wp\/v2\/comments?post=197566"}],"version-history":[{"count":0,"href":"https:\/\/plannervisit.krasno.dev\/pl\/wp-json\/wp\/v2\/route\/197566\/revisions"}],"wp:featuredmedia":[{"embeddable":true,"href":"https:\/\/plannervisit.krasno.dev\/pl\/wp-json\/wp\/v2\/media\/165426"}],"wp:attachment":[{"href":"https:\/\/plannervisit.krasno.dev\/pl\/wp-json\/wp\/v2\/media?parent=197566"}],"wp:term":[{"taxonomy":"lokalita","embeddable":true,"href":"https:\/\/plannervisit.krasno.dev\/pl\/wp-json\/wp\/v2\/podujatia_lokalita?post=197566"},{"taxonomy":"category-route","embeddable":true,"href":"https:\/\/plannervisit.krasno.dev\/pl\/wp-json\/wp\/v2\/category-route?post=197566"},{"taxonomy":"season-route","embeddable":true,"href":"https:\/\/plannervisit.krasno.dev\/pl\/wp-json\/wp\/v2\/obdobie-trasy?post=197566"}],"curies":[{"name":"wp","href":"https:\/\/api.w.org\/{rel}","templated":true}]}}

Veľký Choč (1 607 m n.m.) z Vyšného Kubína

<p><span></span><strong>Trasa:</strong></p>



<p><span></span><strong>Vyšný Kubín – Drápač, rozdroże – Veľký Choč – Drápač, rozdroże  – Vyšný Kubín</strong></p>


<div class="accordion-acf">
  <div id="" class="accordion">
    <a href="#" class="accordion-title">
      <span class="icon-plus"><span></span></span>
      Szczegółowy opis trasy    </a>
		<div class="accordion-content" >
      <p><span></span><strong>Alternatywna trasa na Veľký Choč</strong><span>, tym razem jako </span><strong>pętla z Vyšnégo Kubina</strong><span>. Veľký Choč (1607) to wyjątkowe wzgórze, które dzięki swojemu położeniu i wysokości jest bardzo dobrym punktem widokowym. Oferuje dalekie widoki panoramiczne rozpościerające się na wszystkie strony świata. Każdemu spodoba się </span><strong>niezwykły widok na Tatry Zachodnie</strong><span>. Cały Liptów widać jak na dłoni, a także doskonałe </span><strong>widoki w stronę Orawy</strong><span>, w której dominuje </span><strong>Babia Góra i Pilsko</strong>.</p>
    </div>
	</div>
  <div id="" class="accordion">
    <a href="#" class="accordion-title">
      <span class="icon-plus"><span></span></span>
      Dostępność i możliwości parkowania    </a>
		<div class="accordion-content" >
      <p><span>Miejsce startu: </span><strong>49.182446; 19.314591</strong></p>
<p>W Wyżnym Kubínie znajdują się parkingi płatne i bezpłatne.</p>
<p>Pociągiem lub autobusem do Rużomberka, a następnie autobusem z Rużomberka do Wyżnego Kubina.</p>
    </div>
	</div>
  <div id="" class="accordion">
    <a href="#" class="accordion-title">
      <span class="icon-plus"><span></span></span>
      Opcje zakwaterowania i wyżywienia    </a>
		<div class="accordion-content" >
      <p>W Wyżnym Kubinie znajduje się kilka obiektów noclegowych oferujących zakwaterowanie. Alternatywą mogą być obiekty noclegowe w mieście Dolný Kubín lub w Rużomberku. Zarówno latem, jak i zimą istnieje możliwość zjedzenia posiłków w restauracjach hotelowych lub bufetach z przekąskami.</p>
    </div>
	</div>
</div>



<p></p>



<p></p>


<div class="iframe"><iframe src="https://www.google.com/maps/embed?pb=!4v1641973462237!6m8!1m7!1sCAoSLEFGMVFpcE5mWjIzaXZpM1hqWXJGbHRZQ21yXzNGMzFNMUV2TWE0N251OEF4!2m2!1d49.1507598!2d19.3433129!3f350.33!4f-3.8100000000000023!5f0.7820865974627469" width="600" height="450" style="border:0;" allowfullscreen="" loading="lazy"></iframe></div>



<p></p>
