{"id":588261,"date":"2017-05-25T00:00:00","date_gmt":"2017-05-24T22:00:00","guid":{"rendered":"https:\/\/www.visitliptov.sk\/trasa\/krakova-hola-z-lucok-jasna-turistika\/"},"modified":"2024-02-21T11:20:07","modified_gmt":"2024-02-21T10:20:07","slug":"krakova-hola-z-lucok-jasna-turistika","status":"publish","type":"route","link":"https:\/\/plannervisit.krasno.dev\/pl\/trasa\/krakova-hola-z-lucok-jasna-turistika\/","title":{"rendered":"Krakova ho\u013ea z miejscowo\u015bci L\u00fa\u010dky &#8211; Jasn\u00e1"},"content":{"rendered":"<div class=\"accordion-acf\">\r\n  <div id=\"\" class=\"accordion\">\r\n    <a href=\"#\" class=\"accordion-title\">\r\n      <span class=\"icon-plus\"><span><\/span><\/span>\r\n      Szczeg\u00f3\u0142owy opis trasy    <\/a>\r\n\t\t<div class=\"accordion-content\" >\r\n      <p><span>Trasa rozpoczyna si\u0119 na du\u017cym <\/span><strong>parkingu przy kolejce linowej L\u00fa\u010dky<\/strong><span>. Pod\u0105\u017caj zielonym szlakiem <\/span><strong>przez teren domk\u00f3w letniskowych do drogowskazu<\/strong><span>, gdzie nale\u017cy <\/span><strong>skr\u0119ci\u0107 na czerwony szlak<\/strong><span>. Po pokonaniu stromej drogi polnej s\u0142u\u017c\u0105cej jako przesieka, twoim oczom uka\u017ce si\u0119 widok na o\u015brodek narciarski Jasn\u00e1 i pozosta\u0142e szczyty Ni\u017cnych Tatr &#8211; Po\u013eana, B\u00f4r(y) i Sin\u00e1. <\/span><strong>Z polnej drogi zejd\u017a do lasu<\/strong><span>, gdzie mo\u017cesz odpocz\u0105\u0107 w wiacie, a nast\u0119pnie przejd\u017a przez drewniany mostek po wznosz\u0105cej si\u0119 \u015bcie\u017cce wzd\u0142u\u017c ma\u0142ego potoku <\/span><strong>do prze\u0142\u0119czy Javorie<\/strong><span>. Z prze\u0142\u0119czy mo\u017cesz uda\u0107 si\u0119 <\/span><strong>\u017c\u00f3\u0142tym szlakiem w kierunku Dziumbiera<\/strong><span> lub <\/span><strong>czerwonym szlakiem do Doliny J\u00e1nskiej<\/strong><span> (przed chat\u0105 Bystra). My jednak p\u00f3jdziemy <\/span><strong>\u017c\u00f3\u0142tym szlakiem na p\u00f3\u0142noc \u2014 kierunek Kosienky<\/strong><span>. Po oko\u0142o 30 minutach dotrzemy przez kosodrzewin\u0119 do rozdro\u017ca Kosienky, gdzie skr\u0119cimy na p\u00f3\u0142noc (w lewo). Po 30 minutach docieramy na <\/span><strong>szczyt Krakovej holi<\/strong> (1752 m n.p.m.).<\/p>\n    <\/div>\r\n\t<\/div>\r\n  <div id=\"\" class=\"accordion\">\r\n    <a href=\"#\" class=\"accordion-title\">\r\n      <span class=\"icon-plus\"><span><\/span><\/span>\r\n      Dost\u0119pno\u015b\u0107 i mo\u017cliwo\u015bci parkowania    <\/a>\r\n\t\t<div class=\"accordion-content\" >\r\n      <p><span>Punkt wyj\u015bcia: <\/span><strong>48.979859; 19.594138<\/strong><\/p>\n<p>Poci\u0105giem lub autobusem do Liptowskiego Mikulasza, a nast\u0119pnie autobusem z Liptowskiego Mikulasza do o\u015brodka Jasn\u00e1 N\u00edzke Tatry. Tu masz do wyboru r\u00f3\u017cne opcje, mo\u017cesz wybra\u0107 opcj\u0119 w\u0119dr\u00f3wki pieszej albo wjecha\u0107 kolejk\u0105 linow\u0105 bezpo\u015brednio na Chopok.<\/p>\n    <\/div>\r\n\t<\/div>\r\n  <div id=\"\" class=\"accordion\">\r\n    <a href=\"#\" class=\"accordion-title\">\r\n      <span class=\"icon-plus\"><span><\/span><\/span>\r\n      Opcje zakwaterowania i wy\u017cywienia    <\/a>\r\n\t\t<div class=\"accordion-content\" >\r\n      <p>W o\u015brodku narciarskim Jasn\u00e1 znajduje si\u0119 wiele punkt\u00f3w noclegowych, gdzie bez problemu znajdziesz zakwaterowanie. Zar\u00f3wno latem, jak i zim\u0105, mo\u017cesz r\u00f3wnie\u017c skorzysta\u0107 z bogatej oferty hotelowych restauracji i bufet\u00f3w z przek\u0105skami.<\/p>\n    <\/div>\r\n\t<\/div>\r\n<\/div>\r\n\n\n\n<p><\/p>\n","protected":false},"author":1,"featured_media":575521,"comment_status":"open","ping_status":"open","template":"","meta":{"_acf_changed":false,"inline_featured_image":false,"episode_type":"","audio_file":"","cover_image":"","cover_image_id":"","duration":"","filesize":"","date_recorded":"","explicit":"","block":"","filesize_raw":"","footnotes":""},"podujatia_lokalita":[447],"category-route":[490],"obdobie-trasy":[593,594],"class_list":["post-588261","route","type-route","status-publish","has-post-thumbnail","hentry","lokalita-jasna-pl","category-route-wszystko","season-route-lato","season-route-zima-pl"],"acf":[],"_links":{"self":[{"href":"https:\/\/plannervisit.krasno.dev\/pl\/wp-json\/wp\/v2\/route\/588261"}],"collection":[{"href":"https:\/\/plannervisit.krasno.dev\/pl\/wp-json\/wp\/v2\/route"}],"about":[{"href":"https:\/\/plannervisit.krasno.dev\/pl\/wp-json\/wp\/v2\/types\/route"}],"author":[{"embeddable":true,"href":"https:\/\/plannervisit.krasno.dev\/pl\/wp-json\/wp\/v2\/users\/1"}],"replies":[{"embeddable":true,"href":"https:\/\/plannervisit.krasno.dev\/pl\/wp-json\/wp\/v2\/comments?post=588261"}],"version-history":[{"count":0,"href":"https:\/\/plannervisit.krasno.dev\/pl\/wp-json\/wp\/v2\/route\/588261\/revisions"}],"wp:featuredmedia":[{"embeddable":true,"href":"https:\/\/plannervisit.krasno.dev\/pl\/wp-json\/wp\/v2\/media\/575521"}],"wp:attachment":[{"href":"https:\/\/plannervisit.krasno.dev\/pl\/wp-json\/wp\/v2\/media?parent=588261"}],"wp:term":[{"taxonomy":"lokalita","embeddable":true,"href":"https:\/\/plannervisit.krasno.dev\/pl\/wp-json\/wp\/v2\/podujatia_lokalita?post=588261"},{"taxonomy":"category-route","embeddable":true,"href":"https:\/\/plannervisit.krasno.dev\/pl\/wp-json\/wp\/v2\/category-route?post=588261"},{"taxonomy":"season-route","embeddable":true,"href":"https:\/\/plannervisit.krasno.dev\/pl\/wp-json\/wp\/v2\/obdobie-trasy?post=588261"}],"curies":[{"name":"wp","href":"https:\/\/api.w.org\/{rel}","templated":true}]}}

Krakova hoľa z miejscowości Lúčky &#8211; Jasná

<div class="accordion-acf">
  <div id="" class="accordion">
    <a href="#" class="accordion-title">
      <span class="icon-plus"><span></span></span>
      Szczegółowy opis trasy    </a>
		<div class="accordion-content" >
      <p><span>Trasa rozpoczyna się na dużym </span><strong>parkingu przy kolejce linowej Lúčky</strong><span>. Podążaj zielonym szlakiem </span><strong>przez teren domków letniskowych do drogowskazu</strong><span>, gdzie należy </span><strong>skręcić na czerwony szlak</strong><span>. Po pokonaniu stromej drogi polnej służącej jako przesieka, twoim oczom ukaże się widok na ośrodek narciarski Jasná i pozostałe szczyty Niżnych Tatr &#8211; Poľana, Bôr(y) i Siná. </span><strong>Z polnej drogi zejdź do lasu</strong><span>, gdzie możesz odpocząć w wiacie, a następnie przejdź przez drewniany mostek po wznoszącej się ścieżce wzdłuż małego potoku </span><strong>do przełęczy Javorie</strong><span>. Z przełęczy możesz udać się </span><strong>żółtym szlakiem w kierunku Dziumbiera</strong><span> lub </span><strong>czerwonym szlakiem do Doliny Jánskiej</strong><span> (przed chatą Bystra). My jednak pójdziemy </span><strong>żółtym szlakiem na północ — kierunek Kosienky</strong><span>. Po około 30 minutach dotrzemy przez kosodrzewinę do rozdroża Kosienky, gdzie skręcimy na północ (w lewo). Po 30 minutach docieramy na </span><strong>szczyt Krakovej holi</strong> (1752 m n.p.m.).</p>
    </div>
	</div>
  <div id="" class="accordion">
    <a href="#" class="accordion-title">
      <span class="icon-plus"><span></span></span>
      Dostępność i możliwości parkowania    </a>
		<div class="accordion-content" >
      <p><span>Punkt wyjścia: </span><strong>48.979859; 19.594138</strong></p>
<p>Pociągiem lub autobusem do Liptowskiego Mikulasza, a następnie autobusem z Liptowskiego Mikulasza do ośrodka Jasná Nízke Tatry. Tu masz do wyboru różne opcje, możesz wybrać opcję wędrówki pieszej albo wjechać kolejką linową bezpośrednio na Chopok.</p>
    </div>
	</div>
  <div id="" class="accordion">
    <a href="#" class="accordion-title">
      <span class="icon-plus"><span></span></span>
      Opcje zakwaterowania i wyżywienia    </a>
		<div class="accordion-content" >
      <p>W ośrodku narciarskim Jasná znajduje się wiele punktów noclegowych, gdzie bez problemu znajdziesz zakwaterowanie. Zarówno latem, jak i zimą, możesz również skorzystać z bogatej oferty hotelowych restauracji i bufetów z przekąskami.</p>
    </div>
	</div>
</div>



<p></p>
