{"id":588277,"date":"2017-05-24T00:00:00","date_gmt":"2017-05-23T22:00:00","guid":{"rendered":"https:\/\/www.visitliptov.sk\/trasa\/sina-a-bory-turistika\/"},"modified":"2024-02-21T12:40:17","modified_gmt":"2024-02-21T11:40:17","slug":"sina-i-bory-dolina-demianowska-turistika","status":"publish","type":"route","link":"https:\/\/plannervisit.krasno.dev\/pl\/trasa\/sina-i-bory-dolina-demianowska-turistika\/","title":{"rendered":"Sin\u00e1 i B\u00f4ry z Doliny Demianowskiej"},"content":{"rendered":"<div class=\"accordion-acf\">\r\n  <div id=\"\" class=\"accordion\">\r\n    <a href=\"#\" class=\"accordion-title\">\r\n      <span class=\"icon-plus\"><span><\/span><\/span>\r\n      Szczeg\u00f3\u0142owy opis trasy    <\/a>\r\n\t\t<div class=\"accordion-content\" >\r\n      <p><span>Sin\u00e1 i B\u00f4ry to z pewno\u015bci\u0105 przyrodnicze klejnoty Doliny Demianowskiej. Nasza w\u0119dr\u00f3wka b\u0119dzie do\u015b\u0107 d\u0142uga i prowadzi z <\/span><strong><em>Demianowskiej Jaskini Wolno\u015bci<\/em><\/strong><span> (Dem\u00e4novsk\u00e1 jasky\u0148a svobody) <\/span><strong><em>\u017c\u00f3\u0142tym szlakiem na Sin\u0105 (1560) <\/em><\/strong><span>i <\/span><strong><em>B\u00f4ry<\/em><\/strong><span> (1888) oraz na szczyt <\/span><strong><em>Po\u013eana (1890)<\/em><\/strong><span>, kt\u00f3ry znajduje si\u0119 w g\u0142\u00f3wnej grani Ni\u017cnych Tatr. Nast\u0119pnie mo\u017cna przej\u015b\u0107 <\/span><strong><em>przez Tri vody do Jasnej<\/em><\/strong><span>, sk\u0105d <\/span><strong><em>\u017c\u00f3\u0142tym szlakiem mo\u017cna wr\u00f3ci\u0107 do Demianowskiej Jaskini Wolno\u015bci<\/em><\/strong> lub mo\u017cna te\u017c skr\u00f3ci\u0107 sobie ten odcinek jad\u0105c autobusem. Uwaga, w okolicy Sin\u00e1-B\u00f4ry od 1.10. do 30.6. obowi\u0105zuje sezonowe zamkni\u0119cie szlaku. (\u0179r\u00f3d\u0142o: Hiking.sk)<\/p>\n    <\/div>\r\n\t<\/div>\r\n  <div id=\"\" class=\"accordion\">\r\n    <a href=\"#\" class=\"accordion-title\">\r\n      <span class=\"icon-plus\"><span><\/span><\/span>\r\n      Dost\u0119pno\u015b\u0107 i mo\u017cliwo\u015bci parkowania    <\/a>\r\n\t\t<div class=\"accordion-content\" >\r\n      <p><span>Punkt wyj\u015bcia: <\/span><strong>48.998424; 19.584884<\/strong><\/p>\n<p style=\"text-align: justify;\">Poci\u0105giem lub autobusem do Liptowskiego Mikulasza, a nast\u0119pnie autobusem z Liptowskiego Mikulasza do o\u015brodka Jasn\u00e1 N\u00edzke Tatry.<\/p>\n    <\/div>\r\n\t<\/div>\r\n  <div id=\"\" class=\"accordion\">\r\n    <a href=\"#\" class=\"accordion-title\">\r\n      <span class=\"icon-plus\"><span><\/span><\/span>\r\n      Opcje zakwaterowania i wy\u017cywienia    <\/a>\r\n\t\t<div class=\"accordion-content\" >\r\n      <p>W o\u015brodku narciarskim Jasn\u00e1 znajduje si\u0119 wiele punkt\u00f3w noclegowych, gdzie bez problemu znajdziesz zakwaterowanie. Zar\u00f3wno latem, jak i zim\u0105, mo\u017cesz r\u00f3wnie\u017c skorzysta\u0107 z bogatej oferty hotelowych restauracji i bufet\u00f3w z przek\u0105skami.<\/p>\n    <\/div>\r\n\t<\/div>\r\n<\/div>\r\n\n\n\n<p><\/p>\n\n\n<div class=\"iframe\"><iframe src=\"https:\/\/www.google.com\/maps\/embed?pb=!4v1641974210560!6m8!1m7!1sCAoSLEFGMVFpcE5ZRFhhUnNta1ZDQ21aM0ZQbklDRDVpdUJTdmtmSjRlOXdGRWRD!2m2!1d49.0003476!2d19.5553864!3f228.95!4f-7.319999999999993!5f0.7820865974627469\" width=\"600\" height=\"450\" style=\"border:0;\" allowfullscreen=\"\" loading=\"lazy\"><\/iframe><\/div>\n","protected":false},"author":1,"featured_media":163546,"comment_status":"open","ping_status":"open","template":"","meta":{"_acf_changed":false,"inline_featured_image":false,"episode_type":"","audio_file":"","cover_image":"","cover_image_id":"","duration":"","filesize":"","date_recorded":"","explicit":"","block":"","filesize_raw":"","footnotes":""},"podujatia_lokalita":[447],"category-route":[490],"obdobie-trasy":[593],"class_list":["post-588277","route","type-route","status-publish","has-post-thumbnail","hentry","lokalita-jasna-pl","category-route-wszystko","season-route-lato"],"acf":[],"_links":{"self":[{"href":"https:\/\/plannervisit.krasno.dev\/pl\/wp-json\/wp\/v2\/route\/588277"}],"collection":[{"href":"https:\/\/plannervisit.krasno.dev\/pl\/wp-json\/wp\/v2\/route"}],"about":[{"href":"https:\/\/plannervisit.krasno.dev\/pl\/wp-json\/wp\/v2\/types\/route"}],"author":[{"embeddable":true,"href":"https:\/\/plannervisit.krasno.dev\/pl\/wp-json\/wp\/v2\/users\/1"}],"replies":[{"embeddable":true,"href":"https:\/\/plannervisit.krasno.dev\/pl\/wp-json\/wp\/v2\/comments?post=588277"}],"version-history":[{"count":0,"href":"https:\/\/plannervisit.krasno.dev\/pl\/wp-json\/wp\/v2\/route\/588277\/revisions"}],"wp:featuredmedia":[{"embeddable":true,"href":"https:\/\/plannervisit.krasno.dev\/pl\/wp-json\/wp\/v2\/media\/163546"}],"wp:attachment":[{"href":"https:\/\/plannervisit.krasno.dev\/pl\/wp-json\/wp\/v2\/media?parent=588277"}],"wp:term":[{"taxonomy":"lokalita","embeddable":true,"href":"https:\/\/plannervisit.krasno.dev\/pl\/wp-json\/wp\/v2\/podujatia_lokalita?post=588277"},{"taxonomy":"category-route","embeddable":true,"href":"https:\/\/plannervisit.krasno.dev\/pl\/wp-json\/wp\/v2\/category-route?post=588277"},{"taxonomy":"season-route","embeddable":true,"href":"https:\/\/plannervisit.krasno.dev\/pl\/wp-json\/wp\/v2\/obdobie-trasy?post=588277"}],"curies":[{"name":"wp","href":"https:\/\/api.w.org\/{rel}","templated":true}]}}

Siná i Bôry z Doliny Demianowskiej

<div class="accordion-acf">
  <div id="" class="accordion">
    <a href="#" class="accordion-title">
      <span class="icon-plus"><span></span></span>
      Szczegółowy opis trasy    </a>
		<div class="accordion-content" >
      <p><span>Siná i Bôry to z pewnością przyrodnicze klejnoty Doliny Demianowskiej. Nasza wędrówka będzie dość długa i prowadzi z </span><strong><em>Demianowskiej Jaskini Wolności</em></strong><span> (Demänovská jaskyňa svobody) </span><strong><em>żółtym szlakiem na Siną (1560) </em></strong><span>i </span><strong><em>Bôry</em></strong><span> (1888) oraz na szczyt </span><strong><em>Poľana (1890)</em></strong><span>, który znajduje się w głównej grani Niżnych Tatr. Następnie można przejść </span><strong><em>przez Tri vody do Jasnej</em></strong><span>, skąd </span><strong><em>żółtym szlakiem można wrócić do Demianowskiej Jaskini Wolności</em></strong> lub można też skrócić sobie ten odcinek jadąc autobusem. Uwaga, w okolicy Siná-Bôry od 1.10. do 30.6. obowiązuje sezonowe zamknięcie szlaku. (Źródło: Hiking.sk)</p>
    </div>
	</div>
  <div id="" class="accordion">
    <a href="#" class="accordion-title">
      <span class="icon-plus"><span></span></span>
      Dostępność i możliwości parkowania    </a>
		<div class="accordion-content" >
      <p><span>Punkt wyjścia: </span><strong>48.998424; 19.584884</strong></p>
<p style="text-align: justify;">Pociągiem lub autobusem do Liptowskiego Mikulasza, a następnie autobusem z Liptowskiego Mikulasza do ośrodka Jasná Nízke Tatry.</p>
    </div>
	</div>
  <div id="" class="accordion">
    <a href="#" class="accordion-title">
      <span class="icon-plus"><span></span></span>
      Opcje zakwaterowania i wyżywienia    </a>
		<div class="accordion-content" >
      <p>W ośrodku narciarskim Jasná znajduje się wiele punktów noclegowych, gdzie bez problemu znajdziesz zakwaterowanie. Zarówno latem, jak i zimą, możesz również skorzystać z bogatej oferty hotelowych restauracji i bufetów z przekąskami.</p>
    </div>
	</div>
</div>



<p></p>


<div class="iframe"><iframe src="https://www.google.com/maps/embed?pb=!4v1641974210560!6m8!1m7!1sCAoSLEFGMVFpcE5ZRFhhUnNta1ZDQ21aM0ZQbklDRDVpdUJTdmtmSjRlOXdGRWRD!2m2!1d49.0003476!2d19.5553864!3f228.95!4f-7.319999999999993!5f0.7820865974627469" width="600" height="450" style="border:0;" allowfullscreen="" loading="lazy"></iframe></div>
