{"id":61542,"date":"2018-03-20T00:00:00","date_gmt":"2018-03-19T23:00:00","guid":{"rendered":"http:\/\/www.visitliptov.sk\/trasa\/krywan-z-trzech-zrodel\/"},"modified":"2022-06-02T19:17:26","modified_gmt":"2022-06-02T17:17:26","slug":"krywan-z-trzech-zrodel","status":"publish","type":"route","link":"https:\/\/plannervisit.krasno.dev\/pl\/trasa\/krywan-z-trzech-zrodel\/","title":{"rendered":"Krywa\u0144 z Trzech \u0179r\u00f3de\u0142"},"content":{"rendered":"<div class=\"accordion-acf\">\r\n  <div id=\"\" class=\"accordion\">\r\n    <a href=\"#\" class=\"accordion-title\">\r\n      <span class=\"icon-plus\"><span><\/span><\/span>\r\n      Szczeg\u00f3\u0142owy opis trasy    <\/a>\r\n\t\t<div class=\"accordion-content\" >\r\n      <p><span>Jedna z\u00a0najatrakcyjniejszych tras turystycznych Liptowa, a to nie tylko ze wzgl\u0119du na swoje pi\u0119kno, ale r\u00f3wnie\u017c histori\u0119.\u00a0<\/span><strong>Krywa\u0144 (2494 m n.p.m.)<\/strong>\u00a0jest uwa\u017cany za narodowy symbol S\u0142owacji i od wielu lat jest organizowana na ten szczyt wyprawa narodowa. Sama wycieczka jest jedn\u0105 z trudniejszych, ale zdecydowanie warto.<\/p>\n<p><span>Wyruszasz z miejsca\u00a0<\/span><strong>Trzy \u0179r\u00f3d\u0142a<\/strong><span>, dost\u0119pnego z drogi g\u0142\u00f3wnej z osady Podba\u0144ska w kierunku Tatr Wysokich, gdzie mo\u017cna r\u00f3wnie\u017c bezp\u0142atnie zaparkowa\u0107. Trasa prowadzi w\u015br\u00f3d kosodrzewiny, przy czym wyj\u015bcie umilaj\u0105 atrakcyjne widoki na ca\u0142y region. A\u017c do\u00a0<\/span><strong>\u017clebu Kriv\u00e1nsky \u017e\u013eab\u00a0<\/strong><span>\u00a0trasa prowadzi zielonym szlakiem i jest wzgl\u0119dnie nietrudna. Od tego miejsca trudno\u015b\u0107 stopniowo wzrasta, r\u00f3wnie\u017c ze wzgl\u0119du na skalisty teren. Dalej nale\u017cy i\u015b\u0107 szlakiem niebieskim. Widok ko\u0144cowy, a g\u0142\u00f3wnie poczucie, \u017ce si\u0119 jest na szczycie\u00a0<\/span><strong>Krywania (2494 m n.p.m.)<\/strong><span>, zdecydowanie s\u0105 tego warte. W przypadku bardziej do\u015bwiadczonych turyst\u00f3w tras\u0119 powrotn\u0105 mo\u017cna uzupe\u0142ni\u0107 wizyt\u0105 przy\u00a0<\/span><strong>stawie Jamsk\u00e9 pleso<\/strong>\u00a0i dopiero potem wr\u00f3ci\u0107 czerwonym szlakiem przez nieistniej\u0105ce ju\u017c Schronisko Wa\u017ceckie do Trzech \u0179r\u00f3de\u0142.\u00a0 Wycieczka jednak wyd\u0142u\u017cy si\u0119 o 4 kilometry, na ca\u0142\u0105 godzin\u0119 pieszej w\u0119dr\u00f3wki.<\/p>\n    <\/div>\r\n\t<\/div>\r\n  <div id=\"\" class=\"accordion\">\r\n    <a href=\"#\" class=\"accordion-title\">\r\n      <span class=\"icon-plus\"><span><\/span><\/span>\r\n      Dost\u0119p i mo\u017cliwo\u015bci parkowania    <\/a>\r\n\t\t<div class=\"accordion-content\" >\r\n      <p><span>Radzimy skorzysta\u0107 z transportu samochodowego i <\/span><strong>zaparkowa\u0107 bezp\u0142atnie<\/strong> przy Trzech \u0179r\u00f3d\u0142ach. Oficjalny parking p\u0142atny znajduje si\u0119 przy by\u0142ym Schronisku Wa\u017ceckim.<\/p>\n<p><span><\/span><strong>Transport autobusowy<\/strong> jest mo\u017cliwy na przystanek Kpt. Ra\u0161a, ale po\u0142\u0105czenia nie s\u0105 cz\u0119ste.<\/p>\n<p style=\"text-align: justify;\"><a href=\"https:\/\/cp.hnonline.sk\/vlakbus\/spojenie\/\">Rozk\u0142ad jazdy jest dost\u0119pny <strong>TUTAJ<\/strong><\/a>.<\/p>\n    <\/div>\r\n\t<\/div>\r\n  <div id=\"\" class=\"accordion\">\r\n    <a href=\"#\" class=\"accordion-title\">\r\n      <span class=\"icon-plus\"><span><\/span><\/span>\r\n      Mo\u017cliwo\u015bci zakwaterowania i wy\u017cywienia    <\/a>\r\n\t\t<div class=\"accordion-content\" >\r\n      <p style=\"text-align: justify;\">Na trasie nie ma \u017cadnych schronisk lub noclegowni. Przy Trzech \u0179r\u00f3d\u0142ach znajduj\u0105 si\u0119 domki, jednak s\u0105 one prywatne. Du\u017cy wyb\u00f3r miejsc noclegowych oraz punkt\u00f3w gastronomicznych wszystkich kategorii znajduje si\u0119 w pobliskiej Podba\u0144skiej.<\/p>\n<p><a href=\"https:\/\/plannervisit.krasno.dev\/booking\/\"><strong>Znajd\u017a i zarezerwuj zakwaterowanie TUTAJ<\/strong><\/a><\/p>\n    <\/div>\r\n\t<\/div>\r\n<\/div>\r\n","protected":false},"author":1,"featured_media":11428,"comment_status":"open","ping_status":"closed","template":"","meta":{"_acf_changed":false,"inline_featured_image":false,"episode_type":"","audio_file":"","cover_image":"","cover_image_id":"","duration":"","filesize":"","date_recorded":"","explicit":"","block":"","filesize_raw":"","footnotes":""},"podujatia_lokalita":[326],"category-route":[265,490],"obdobie-trasy":[593],"class_list":["post-61542","route","type-route","status-publish","has-post-thumbnail","hentry","lokalita-inny","category-route-top12-pl-wszystko","category-route-wszystko","season-route-lato"],"acf":[],"_links":{"self":[{"href":"https:\/\/plannervisit.krasno.dev\/pl\/wp-json\/wp\/v2\/route\/61542"}],"collection":[{"href":"https:\/\/plannervisit.krasno.dev\/pl\/wp-json\/wp\/v2\/route"}],"about":[{"href":"https:\/\/plannervisit.krasno.dev\/pl\/wp-json\/wp\/v2\/types\/route"}],"author":[{"embeddable":true,"href":"https:\/\/plannervisit.krasno.dev\/pl\/wp-json\/wp\/v2\/users\/1"}],"replies":[{"embeddable":true,"href":"https:\/\/plannervisit.krasno.dev\/pl\/wp-json\/wp\/v2\/comments?post=61542"}],"version-history":[{"count":0,"href":"https:\/\/plannervisit.krasno.dev\/pl\/wp-json\/wp\/v2\/route\/61542\/revisions"}],"wp:featuredmedia":[{"embeddable":true,"href":"https:\/\/plannervisit.krasno.dev\/pl\/wp-json\/wp\/v2\/media\/11428"}],"wp:attachment":[{"href":"https:\/\/plannervisit.krasno.dev\/pl\/wp-json\/wp\/v2\/media?parent=61542"}],"wp:term":[{"taxonomy":"lokalita","embeddable":true,"href":"https:\/\/plannervisit.krasno.dev\/pl\/wp-json\/wp\/v2\/podujatia_lokalita?post=61542"},{"taxonomy":"category-route","embeddable":true,"href":"https:\/\/plannervisit.krasno.dev\/pl\/wp-json\/wp\/v2\/category-route?post=61542"},{"taxonomy":"season-route","embeddable":true,"href":"https:\/\/plannervisit.krasno.dev\/pl\/wp-json\/wp\/v2\/obdobie-trasy?post=61542"}],"curies":[{"name":"wp","href":"https:\/\/api.w.org\/{rel}","templated":true}]}}

Krywań z Trzech Źródeł

<div class="accordion-acf">
  <div id="" class="accordion">
    <a href="#" class="accordion-title">
      <span class="icon-plus"><span></span></span>
      Szczegółowy opis trasy    </a>
		<div class="accordion-content" >
      <p><span>Jedna z najatrakcyjniejszych tras turystycznych Liptowa, a to nie tylko ze względu na swoje piękno, ale również historię. </span><strong>Krywań (2494 m n.p.m.)</strong> jest uważany za narodowy symbol Słowacji i od wielu lat jest organizowana na ten szczyt wyprawa narodowa. Sama wycieczka jest jedną z trudniejszych, ale zdecydowanie warto.</p>
<p><span>Wyruszasz z miejsca </span><strong>Trzy Źródła</strong><span>, dostępnego z drogi głównej z osady Podbańska w kierunku Tatr Wysokich, gdzie można również bezpłatnie zaparkować. Trasa prowadzi wśród kosodrzewiny, przy czym wyjście umilają atrakcyjne widoki na cały region. Aż do </span><strong>żlebu Krivánsky žľab </strong><span> trasa prowadzi zielonym szlakiem i jest względnie nietrudna. Od tego miejsca trudność stopniowo wzrasta, również ze względu na skalisty teren. Dalej należy iść szlakiem niebieskim. Widok końcowy, a głównie poczucie, że się jest na szczycie </span><strong>Krywania (2494 m n.p.m.)</strong><span>, zdecydowanie są tego warte. W przypadku bardziej doświadczonych turystów trasę powrotną można uzupełnić wizytą przy </span><strong>stawie Jamské pleso</strong> i dopiero potem wrócić czerwonym szlakiem przez nieistniejące już Schronisko Ważeckie do Trzech Źródeł.  Wycieczka jednak wydłuży się o 4 kilometry, na całą godzinę pieszej wędrówki.</p>
    </div>
	</div>
  <div id="" class="accordion">
    <a href="#" class="accordion-title">
      <span class="icon-plus"><span></span></span>
      Dostęp i możliwości parkowania    </a>
		<div class="accordion-content" >
      <p><span>Radzimy skorzystać z transportu samochodowego i </span><strong>zaparkować bezpłatnie</strong> przy Trzech Źródłach. Oficjalny parking płatny znajduje się przy byłym Schronisku Ważeckim.</p>
<p><span></span><strong>Transport autobusowy</strong> jest możliwy na przystanek Kpt. Raša, ale połączenia nie są częste.</p>
<p style="text-align: justify;"><a href="https://cp.hnonline.sk/vlakbus/spojenie/">Rozkład jazdy jest dostępny <strong>TUTAJ</strong></a>.</p>
    </div>
	</div>
  <div id="" class="accordion">
    <a href="#" class="accordion-title">
      <span class="icon-plus"><span></span></span>
      Możliwości zakwaterowania i wyżywienia    </a>
		<div class="accordion-content" >
      <p style="text-align: justify;">Na trasie nie ma żadnych schronisk lub noclegowni. Przy Trzech Źródłach znajdują się domki, jednak są one prywatne. Duży wybór miejsc noclegowych oraz punktów gastronomicznych wszystkich kategorii znajduje się w pobliskiej Podbańskiej.</p>
<p><a href="https://plannervisit.krasno.dev/booking/"><strong>Znajdź i zarezerwuj zakwaterowanie TUTAJ</strong></a></p>
    </div>
	</div>
</div>
