{"id":61747,"date":"2018-01-12T00:00:00","date_gmt":"2018-01-11T23:00:00","guid":{"rendered":"http:\/\/www.visitliptov.sk\/trasa\/siwy-wierch\/"},"modified":"2023-04-24T15:22:23","modified_gmt":"2023-04-24T13:22:23","slug":"siwy-wierch","status":"publish","type":"route","link":"https:\/\/plannervisit.krasno.dev\/pl\/trasa\/siwy-wierch\/","title":{"rendered":"Siwy Wierch"},"content":{"rendered":"\n<h4 class=\"wp-block-heading\"><\/h4>\n\n\n<div id=\"szczegolowy-opis-trasy-0\" class=\"accordion\"><a href=\"#szczegolowy-opis-trasy-0\" class=\"accordion-title\"><span\r\nclass=\"icon-plus\"><span><\/span><\/span>Szczeg\u00f3\u0142owy opis trasy<\/a><div class=\"accordion-content\" ><\/p>\n<p style=\"text-align: justify\">Siwy Wierch jest cz\u0119\u015bci\u0105 Tatr Zachodnich, przy czym jest dost\u0119pny zar\u00f3wno z miejscowo\u015bci Huty, jak i z Bobrowca. Wycieczka nie zalicza si\u0119 do najtrudniejszych, a jest zdecydowanie jedn\u0105 z najpi\u0119kniejszych. G\u0142\u00f3wnie widoki na Lipt\u00f3w i Oraw\u0119 s\u0105 jej warte. Wycieczka na Siwy Wierch zaczyna si\u0119 na pocz\u0105tku Doliny Bobrowieckiej, a konkretnie w miejscu Bobroveck\u00e1 v\u00e1penina. Mo\u017cna tu bep\u0142atnie zaparkowa\u0107. Trasa prowadzi wzd\u0142u\u017c Kalwarii, przez dukt, a\u017c do schroniska Chata pod N\u00e1ru\u017e\u00edm, gdzie mo\u017cna zje\u015b\u0107 posi\u0142ek. Trasa prowadzi dalej, na prze\u0142\u0105cz Predovratie i nast\u0119pnie na Siwy Wierch. Z powrotem mo\u017cna i\u015b\u0107 t\u0105 sam\u0105 tras\u0105, ale mo\u017cna j\u0105 wzbogaci\u0107 o wizyt\u0119 na szczycie Babky z wyj\u0105tkowym widokiem, a nast\u0119pnie wr\u00f3ci\u0107 na pierwotn\u0105 tras\u0119. Na trasie mo\u017cna si\u0119 zatrzyma\u0107 przy bunkrze partyzanckim, w kt\u00f3rym znajduje si\u0119 wystawa fotografii z opisem. Przystanek autobusowy jest oddalony o 3 km piechot\u0105 od miejsca Bobroveck\u00e1 v\u00e1penina.<\/p>\n<p style=\"text-align: justify\"><\/div><\/div>\n\n\n<div id=\"dostep-i-mozliwosci-parkowania-1\" class=\"accordion\"><a href=\"#dostep-i-mozliwosci-parkowania-1\" class=\"accordion-title\"><span\r\nclass=\"icon-plus\"><span><\/span><\/span>Dost\u0119p i mo\u017cliwo\u015bci parkowania<\/a><div class=\"accordion-content\" ><\/p>\n<p>W tym miejscu znajduje si\u0119 bezp\u0142atny parking o wystarczaj\u0105cej ilo\u015bci miejsc.<\/p>\n<p><span>Rozk\u0142ad jazdy jest dost\u0119pny&nbsp;<\/span><strong><a href=\"https:\/\/cp.hnonline.sk\/vlakbus\/spojenie\/\">TUTAJ<\/a><\/strong>.<\/p>\n<p style=\"text-align: justify\"><\/div><\/div>\n\n\n<div id=\"mozliwosci-zakwaterowania-i-wy-2\" class=\"accordion\"><a href=\"#mozliwosci-zakwaterowania-i-wy-2\" class=\"accordion-title\"><span\r\nclass=\"icon-plus\"><span><\/span><\/span>Mo\u017cliwo\u015bci zakwaterowania i wy\u017cywienia<\/a><div class=\"accordion-content\" ><\/p>\n<p>W punkcie wypadowym znajduje si\u0119 g\u00f3rski hotel Mn\u00edch. Na trasie znajduje si\u0119 ju\u017c wspomniane schronisko Chata pod N\u00e1ru\u017e\u00edm.<\/p>\n<p style=\"text-align: justify\"><a href=\"https:\/\/plannervisit.krasno.dev\/booking\/\">Znajd\u017a i zarezerwuj zakwaterowanie <strong>TUTAJ<\/strong><\/a><\/p>\n<p style=\"text-align: justify\"><\/div><\/div>\n\n\n\n<p><a href=\"https:\/\/plannervisit.krasno.dev\/wp-content\/uploads\/2019\/04\/Trasa-Sivy-vrch-Hiking_mapa.jpg\" data-rel=\"lightbox-gallery-D8kEanvm\" data-rl_title=\"\" data-rl_caption=\"\" title=\"\"><\/a><\/p>\n","protected":false},"author":1,"featured_media":244406,"comment_status":"open","ping_status":"closed","template":"","meta":{"_acf_changed":false,"inline_featured_image":false,"episode_type":"","audio_file":"","cover_image":"","cover_image_id":"","duration":"","filesize":"","date_recorded":"","explicit":"","block":"","filesize_raw":"","footnotes":""},"podujatia_lokalita":[326],"category-route":[265,490],"obdobie-trasy":[593],"class_list":["post-61747","route","type-route","status-publish","has-post-thumbnail","hentry","lokalita-inny","category-route-top12-pl-wszystko","category-route-wszystko","season-route-lato"],"acf":[],"_links":{"self":[{"href":"https:\/\/plannervisit.krasno.dev\/pl\/wp-json\/wp\/v2\/route\/61747"}],"collection":[{"href":"https:\/\/plannervisit.krasno.dev\/pl\/wp-json\/wp\/v2\/route"}],"about":[{"href":"https:\/\/plannervisit.krasno.dev\/pl\/wp-json\/wp\/v2\/types\/route"}],"author":[{"embeddable":true,"href":"https:\/\/plannervisit.krasno.dev\/pl\/wp-json\/wp\/v2\/users\/1"}],"replies":[{"embeddable":true,"href":"https:\/\/plannervisit.krasno.dev\/pl\/wp-json\/wp\/v2\/comments?post=61747"}],"version-history":[{"count":0,"href":"https:\/\/plannervisit.krasno.dev\/pl\/wp-json\/wp\/v2\/route\/61747\/revisions"}],"wp:featuredmedia":[{"embeddable":true,"href":"https:\/\/plannervisit.krasno.dev\/pl\/wp-json\/wp\/v2\/media\/244406"}],"wp:attachment":[{"href":"https:\/\/plannervisit.krasno.dev\/pl\/wp-json\/wp\/v2\/media?parent=61747"}],"wp:term":[{"taxonomy":"lokalita","embeddable":true,"href":"https:\/\/plannervisit.krasno.dev\/pl\/wp-json\/wp\/v2\/podujatia_lokalita?post=61747"},{"taxonomy":"category-route","embeddable":true,"href":"https:\/\/plannervisit.krasno.dev\/pl\/wp-json\/wp\/v2\/category-route?post=61747"},{"taxonomy":"season-route","embeddable":true,"href":"https:\/\/plannervisit.krasno.dev\/pl\/wp-json\/wp\/v2\/obdobie-trasy?post=61747"}],"curies":[{"name":"wp","href":"https:\/\/api.w.org\/{rel}","templated":true}]}}

<h4 class="wp-block-heading"></h4>


<div id="szczegolowy-opis-trasy-0" class="accordion"><a href="#szczegolowy-opis-trasy-0" class="accordion-title"><span
class="icon-plus"><span></span></span>Szczegółowy opis trasy</a><div class="accordion-content" ></p>
<p style="text-align: justify">Siwy Wierch jest częścią Tatr Zachodnich, przy czym jest dostępny zarówno z miejscowości Huty, jak i z Bobrowca. Wycieczka nie zalicza się do najtrudniejszych, a jest zdecydowanie jedną z najpiękniejszych. Głównie widoki na Liptów i Orawę są jej warte. Wycieczka na Siwy Wierch zaczyna się na początku Doliny Bobrowieckiej, a konkretnie w miejscu Bobrovecká vápenina. Można tu bepłatnie zaparkować. Trasa prowadzi wzdłuż Kalwarii, przez dukt, aż do schroniska Chata pod Náružím, gdzie można zjeść posiłek. Trasa prowadzi dalej, na przełącz Predovratie i następnie na Siwy Wierch. Z powrotem można iść tą samą trasą, ale można ją wzbogacić o wizytę na szczycie Babky z wyjątkowym widokiem, a następnie wrócić na pierwotną trasę. Na trasie można się zatrzymać przy bunkrze partyzanckim, w którym znajduje się wystawa fotografii z opisem. Przystanek autobusowy jest oddalony o 3 km piechotą od miejsca Bobrovecká vápenina.</p>
<p style="text-align: justify"></div></div>


<div id="dostep-i-mozliwosci-parkowania-1" class="accordion"><a href="#dostep-i-mozliwosci-parkowania-1" class="accordion-title"><span
class="icon-plus"><span></span></span>Dostęp i możliwości parkowania</a><div class="accordion-content" ></p>
<p>W tym miejscu znajduje się bezpłatny parking o wystarczającej ilości miejsc.</p>
<p><span>Rozkład jazdy jest dostępny&nbsp;</span><strong><a href="https://cp.hnonline.sk/vlakbus/spojenie/">TUTAJ</a></strong>.</p>
<p style="text-align: justify"></div></div>


<div id="mozliwosci-zakwaterowania-i-wy-2" class="accordion"><a href="#mozliwosci-zakwaterowania-i-wy-2" class="accordion-title"><span
class="icon-plus"><span></span></span>Możliwości zakwaterowania i wyżywienia</a><div class="accordion-content" ></p>
<p>W punkcie wypadowym znajduje się górski hotel Mních. Na trasie znajduje się już wspomniane schronisko Chata pod Náružím.</p>
<p style="text-align: justify"><a href="https://plannervisit.krasno.dev/booking/">Znajdź i zarezerwuj zakwaterowanie <strong>TUTAJ</strong></a></p>
<p style="text-align: justify"></div></div>



<p><a href="https://plannervisit.krasno.dev/wp-content/uploads/2019/04/Trasa-Sivy-vrch-Hiking_mapa.jpg" data-rel="lightbox-gallery-D8kEanvm" data-rl_title="" data-rl_caption="" title=""></a></p>
